
1243
In base 10, what is -6367 + -12?
-6379
In base 9, what is 77 - -34?
122
In base 4, what is -10 - -2210301?
2210231
In base 10, what is 1432 + -13?
1419
In base 2, what is 11101011110 - -100?
11101100010
In base 10, what is -430 - 1344?
-1774
In base 8, what is 2 + -2124?
-2122
In base 4, what is -20 + 1131321?
1131301
In base 3, what is 121121022 - 121?
121120201
In base 3, what is -11211222020201 + 11?
-11211222020120
In base 11, what is 1 + -7593?
-7592
In base 4, what is -11 + -13322110?
-13322121
In base 10, what is -4945 - -14?
-4931
In base 5, what is -1 + -20324130?
-20324131
In base 5, what is -2 + -2241330?
-2241332
In base 12, what is -196ba03 + -4?
-196ba07
In base 6, what is -1510 - 21123?
-23033
In base 10, what is 18 - -39200?
39218
In base 13, what is -5 - c8256?
-c825b
In base 4, what is -2 - -10331033?
10331031
In base 10, what is -999173 - -3?
-999170
In base 7, what is 122606 - 26?
122550
In base 14, what is -b3610 + -2?
-b3612
In base 6, what is 304303533 - 1?
304303532
In base 4, what is 2033 - 100100?
-32001
In base 9, what is 15046 - 65?
14871
In base 12, what is 24933 - 4?
2492b
In base 6, what is 323512 + -2?
323510
In base 4, what is -3232 - -23102?
13210
In base 2, what is 1011011011010 - -11100?
1011011110110
In base 3, what is 122210120 + -20?
122210100
In base 3, what is 102121 - -1102210?
1212101
In base 5, what is 4111 - -10341?
20002
In base 16, what is 0 - -29b58?
29b58
In base 10, what is -1992 - -15?
-1977
In base 4, what is 22 - -113321331?
113322013
In base 9, what is -213 + -1627?
-1841
In base 12, what is 27775 - 13?
27762
In base 14, what is 1185a8 + -4?
1185a4
In base 2, what is 111001001000111 - 10?
111001001000101
In base 11, what is 2657 + 10?
2667
In base 4, what is 10 - -320212?
320222
In base 3, what is -1002 - -1012000101?
1011222022
In base 12, what is -3 - -625b?
6258
In base 16, what is -68e - 0?
-68e
In base 14, what is -21 - 106?
-127
In base 5, what is 34302 - 304?
33443
In base 4, what is -2 + 1032133?
1032131
In base 2, what is -101 + 10000100101010100?
10000100101001111
In base 9, what is 4886843 - 4?
4886838
In base 8, what is -3424 - 344?
-3770
In base 5, what is -1303013 + -3?
-1303021
In base 2, what is 100011 - 1011001100110?
-1011001000011
In base 9, what is 14 - -11068?
11083
In base 6, what is 1142134 + -10?
1142124
In base 2, what is 10011 + -1101000?
-1010101
In base 3, what is -10 - -10102011221?
10102011211
In base 4, what is 2023211 - 3200?
2020011
In base 8, what is 5 + -147043?
-147036
In base 12, what is -4 - -1a4a32?
1a4a2a
In base 5, what is -143 + -31403?
-32101
In base 13, what is 2 + 8702?
8704
In base 10, what is 13529 - -2?
13531
In base 7, what is 3 - 35634?
-35631
In base 8, what is -173355 - 11?
-173366
In base 16, what is -f9d0 - 1?
-f9d1
In base 12, what is 36 + 1b08?
1b42
In base 13, what is 1b99a + -5?
1b995
In base 6, what is -155 - 23500?
-24055
In base 11, what is 5 + -77217?
-77212
In base 15, what is 4 - 3a7a?
-3a76
In base 5, what is 14 - 1001030?
-1001011
In base 14, what is 5cc21a - 0?
5cc21a
In base 4, what is -233001 + -10033?
-303100
In base 13, what is -25c68 - -4?
-25c64
In base 7, what is 4 + -1422565?
-1422561
In base 16, what is -906 + -67?
-96d
In base 10, what is -30647 + 27?
-30620
In base 9, what is 25053 - 4?
25048
In base 7, what is 246135 - 1?
246134
In base 4, what is -11321 - -11233?
-22
In base 13, what is 6890 + 4?
6894
In base 14, what is -4d7 - -1?
-4d6
In base 14, what is 25b6 - -bb?
2693
In base 10, what is 4 + -26929?
-26925
In base 8, what is -2173 + 47?
-2124
In base 2, what is -100111010101010 + 111?
-100111010100011
In base 15, what is -2a + -98e4?
-991e
In base 3, what is 100011001002 + -11?
100011000221
In base 7, what is -25250 + 11?
-25236
In base 14, what is 621a + -112?
6108
In base 12, what is 13903 + -5?
138ba
In base 8, what is -143 + 307?
144
In base 2, what is 1101001001 + -10001111?
1010111010
In base 2, what is -1011111000101 + 110001101?
-1011000111000
In base 2, what is -100101 - 1110010001000000?
-1110010001100101
In base 3, what is 10 + 2021001?
2021011
In base 15, what is -2415d6 - -5?
-2415d1
In base 4, what is -12103332 + -3?
-12110001
In base 3, what is 10011 - 110200?
-100112
In base 14, what is -141c27 + 0?
-141c27
In base 2, what is 10000111 + -111000111?
-101000000
In base 3, what is 101212 - -200211?
1002200
In base 2, what is -1001001110001111000 + -1?
-1001001110001111001
In base 10, what is -16379 + 156?
-16223
In base 12, what is -4 - 2446?
-244a
In base 6, what is -2220 + 241?
-1535
In base 2, what is -100100011101011011 - 11?
-100100011101011110
In base 8, what is 33 + 21313?
21346
In base 10, what is 588 + 676?
1264
In base 16, what is a23dc - -3?
a23df
In base 11, what is -2497 + -7?
-24a3
In base 11, what is -49a + 143?
-357
In base 7, what is 241 + 15625?
16166
In base 16, what is 5a58 - -3?
5a5b
In base 8, what is -37 + 1324?
1265
In base 15, what is -1 + -66759?
-6675a
In base 9, what is -2 + -15705?
-15707
In base 3, what is -111 + 20000101?
12222220
In base 11, what is -a8 - -748?
650
In base 7, what is -2354050 - 10?
-2354060
In base 12, what is 333 + -36?
2b9
In base 11, what is -990 - 745?
-1625
In base 7, what is 0 + -320226?
-320226
In base 13, what is -4 - -70b05?
70b01
In base 7, what is -2540632 - -5?
-2540624
In base 12, what is -2a87 + 18a?
-28b9
In base 16, what is -19ae2 + 5?
-19add
In base 8, what is -10 - 61235?
-61245
In base 10, what is 5 - 811964?
-811959
In base 6, what is 4000201 - -5?
4000210
In base 11, what is 938768 + 0?
938768
In base 3, what is -1 + -20112222121?
-20112222122
In base 8, what is 3 + 7371?
7374
In base 16, what is 1ce90 - 5?
1ce8b
In base 3, what is 100 + 1121012220?
1121020020
In base 14, what is 3772 - 0?
3772
In base 2, what is -1 + 1111100010011?
1111100010010
In base 16, what is 4 - -1107d?
11081
In base 9, what is -144231 + -4?
-144235
In base 7, what is 2355 + 5?
2363
In base 7, what is -21 - -153240?
153216
In base 16, what is b2 + 77bc?
786e
In base 12, what is 12a - 15b?
-31
In base 7, what is 130313 + 23?
130336
In base 7, what is 54540 - 5?
54532
In base 2, what is 11110110 - -101?
11111011
In base 8, what is -55323 - -4?
-55317
In base 4, what is -123 + -111113011?
-111113200
In base 10, what is 1415 - -61?
1476
In base 8, what is 5 + -15723?
-15716
In base 10, what is -7369 - 113?
-7482
In base 3, what is 101 + -111222201202?
-111222201101
In base 3, what is -22 + 112111011011?
112111010212
In base 8, what is 20611 + 4?
20615
In base 10, what is 7060 - -11?
7071
In base 3, what is 211 + -2112022221?
-2112022010
In base 8, what is 32211 - -2?
32213
In base 2, what is -1011010010 + -1100011101?
-10111101111
In base 16, what is -21aad - -b?
-21aa2
In base 15, what is -5065 + -6?
-506b
In base 4, what is 133032 - -3133?
202231
In base 14, what is -59456 - -1?
-59455
In base 5, what is -3322 - -132121?
123244
In base 4, what is 10 - 3103000?
-3102330
In base 5, what is 212 + 22?
234
In base 7, what is -63 - 21563?
-21656
In base 7, what is 1 - 1636663?
-1636662
In base 5, what is -2 + 20223403?
20223401
In base 6, what is 2212 - 125?
2043
In base 9, what is -41131383 - -3?
-41131380
In base 2, what is -10001010 - -1111010?
-10000
In base 7, what is 1363 + -3302?
-1606
In base 11, what is 45 - 49864?
-4981a
In base 9, what is 1630 - 2116?
-376
In base 10, what is -345 - 36?
-381
In base 10, what is 248021 + 2?
248023
In base 8, what is 34 - 112441?
-112405
In base 2, what is -10 - -11110100110100?
11110100110010
In base 16, what is 37 - 5?
32
In base 11, what is 11675 - -42?
11707
In base 7, what is -5026 - 41?
-5100
In base 8, what is -10220 + 113?
-10105
In base 12, what is 17 + -705?
-6aa
In base 12, what is 1387 - -80a?
1b95
In base 14, what is -8 + -1527?
-1531
In base 16, what is 138e - 1?
138d
In base 12, what is 153b7 - 5?
153b2
In base 4, what is -2221121 + -3?
-2221130
In base 8, what is -12 + -4761?
-4773
In base 6, what is 0 + 321544?
321544
In base 8, what is 243 - -7470?
7733
In base 11, what is 50 + -717?
-677
In base 15, what is dc834 + 4?
dc838
In base 13, what is -28c + 1246?
c87
In base 3, what is 1 + -1000201012?
-1000201011
In base 2, what is 11011111011100 - 110?
11011111010110
In base 12, what is -451 